st the prime factors of w.
2
Suppose 6 = -3*k + 3*j - 18, -3*j = -3. Let f = k - -18. List the prime factors of f.
11
Suppose -3*u = -22 + 7. Suppose f - u = 1. Suppose -2*b = -0*b - f. What are the prime factors of b?
3
Suppose -52*s + 46*s + 210 = 0. What are the prime factors of s?
5, 7
Let y(j) = -j - 8. Let a be y(-9). What are the prime factors of -2 + a + (3 - 0)?
2
Let q(u) = 54*u - 5. Let d(k) = -11*k + 1. Let y(j) = -22*d(j) - 4*q(j). What are the prime factors of y(1)?
2, 3
Let y be (-72)/(-42)*(-7)/(-2). Let g(s) = 6*s - 7. What are the prime factors of g(y)?
29
Let c = -423 - -615. What are the prime factors of c?
2, 3
Let g be -1*1*(-2)/(-2). List the prime factors of (-22)/(-3) + g/3.
7
Suppose -2*k = -59 - 117. What are the prime factors of k?
2, 11
Suppose -2*g = 3*g - 475. List the prime factors of g.
5, 19
Let m = -8 - -6. Let f = 12 + m. Suppose 2*g - f = g. What are the prime factors of g?
2, 5
Let k(q) = -q - 2. Let n be k(-5). Let d(c) = -c**2 + 0*c**2 + 7*c**2 + 3 + c**n. What are the prime factors of d(-6)?
3
Suppose -6*z + 6 = -3*z. Suppose z*t + 39 = f + 2*f, -5*t = 5*f - 40. List the prime factors of f.
11
Let t(m) = -m**3 - 2*m**2 + 2*m + 1. Let p be t(-3). Suppose -p*y = -47 - 37. List the prime factors of y.
3, 7
Suppose 0 = 31*a - 18*a - 3094. List the prime factors of a.
2, 7, 17
Let h(b) = b**2 - 9*b - 16. List the prime factors of h(13).
2, 3
Suppose -3*z = -5*g + 270, 7*g - 2*g = 2*z + 265. Suppose 5*o + 1 = g. List the prime factors of o.
2, 5
Suppose 2*f - 56 = -g + 2, -4*f = g - 48. List the prime factors of g.
2, 17
Suppose -2*v - 24 = m, -4*v - 20 = m - 3*v. Let u = m + 36. Let d = u + -8. List the prime factors of d.
2, 3
Let c be (-1)/1 + (-1 - 6). Let x(n) be the second derivative of -n**3/6 + 3*n**2 - n. What are the prime factors of x(c)?
2, 7
Suppose 37 = -5*y - 2*u + 136, -2*u = 2*y - 42. List the prime factors of y.
19
Let s = 4 - -23. What are the prime factors of 56/3 - 18/s?
2, 3
Let j(q) = -2*q**2 - 5*q - 7. Let s be j(-3). Let z(b) = -5*b - 13. What are the prime factors of z(s)?
37
Let h be ((-9)/3)/((-2)/16). Suppose -2*x - 80 = -5*j + 3*x, 28 = j - 4*x. Let a = h - j. What are the prime factors of a?
2, 3
Suppose a + 3*o - 8 = 0, -4*a + 4*o = -19 - 29. Suppose -6*z - 45 = -a*z. List the prime factors of z.
3
Let p be ((-1)/(-2))/(4/376). Suppose 3*s + 5*z = 91, -6 = 3*s - 5*z - p. What are the prime factors of s?
2, 11
List the prime factors of -4 - ((-8)/(-36) - (-506)/(-9)).
2, 13
Suppose -2*y - o = -115, -y - 7 + 47 = -3*o. Let i = -37 + y. Suppose -4*x = x, c - 4*x = i. List the prime factors of c.
2, 3
Let y be 4/(-16) - (-2)/8. Let j(q) = -q + 9. Let m be j(5). Let t = m + y. What are the prime factors of t?
2
Let r(g) = -2*g - 12. Let z be 2*((-39)/(-6))/(-1). What are the prime factors of r(z)?
2, 7
Let b = -16 + 40. Suppose 6 = v - r, -v - v - r + b = 0. What are the prime factors of v?
2, 5
Let d(w) = w**2 + 2. Let i(q) = -4*q**2 - 7. Let r(j) = -7*d(j) - 2*i(j). What are the prime factors of r(3)?
3
Suppose -3*a + 148 = r, -4*a - 7*r = -2*r - 212. List the prime factors of a.
2, 3
Suppose m - 2*m = -w - 2, -3*w = -15. Let o be 6/(-21) - (-2)/m. Suppose o = -5*b + 22 + 28. List the prime factors of b.
2, 5
Let t = -74 - -188. What are the prime factors of t?
2, 3, 19
Let u(w) = 38*w + 2. Let l be u(-1). Let q = l - -67. List the prime factors of q.
31
Suppose -10 = -3*m + m. Suppose 3*c = -3*u - c + 16, -4*u - m*c + 22 = 0. List the prime factors of u.
2
Let s(j) = 3*j + 1. Let y(v) = -v**3 - 4*v**2 - 3*v + 4. Let t be y(-3). What are the prime factors of s(t)?
13
What are the prime factors of ((-50)/15 + -4)*-12?
2, 11
Suppose 148 = 6*m - 5*m. What are the prime factors of m?
2, 37
Suppose 0 = -0*o + 2*o + 4. Let s be (6/9)/(o/3). Let j = 6 - s. List the prime factors of j.
7
Let q = 0 - -3. Suppose -q*u = u. Suppose -2*h + 18 = -u*h. List the prime factors of h.
3
Let i(u) be the second derivative of -u**4/12 + 4*u**3/3 - 3*u**2/2 - u. List the prime factors of i(5).
2, 3
Let p(a) = 2*a - 7. Let n be p(5). Suppose -2*w + 52 = 3*q + 2*w, 0 = -q + n*w. List the prime factors of q.
2, 3
Suppose 0 = -h + 49 + 13. Suppose 0*z - 4*f = -2*z + h, 68 = 3*z - f. What are the prime factors of z?
3, 7
Let x = -39 + 59. Suppose -5 = 5*k - x. Suppose 0 = -i - l + 3 + k, -2*i - 4*l = -2. What are the prime factors of i?
11
Let z(q) = -5*q**3 + 2*q**2 - 5*q + 1. Let m(s) = 5*s**3 - 2*s**2 + 4*s - 1. Let g(j) = -4*m(j) - 3*z(j). List the prime factors of g(-2).
3, 17
What are the prime factors of 3996/14 - (9 - 60/7)?
3, 5, 19
Let f = 16 - 9. List the prime factors of f.
7
Let s(i) = -i**2 + 11*i - 8. Let o be s(10). Let u = o - -11. List the prime factors of u.
13
Let i = 141 + -103. What are the prime factors of i?
2, 19
Let m be -2 - 13/(0 - -1). Let k be (75/(-6))/((-1)/(-2)). Let w = m - k. What are the prime factors of w?
2, 5
Let h(l) = 22*l - 1. Let m = -6 + 7. Let t be h(m). Let x = -12 + t. List the prime factors of x.
3
Let j(l) = -14*l - 10. What are the prime factors of j(-4)?
2, 23
Let p(q) = 9 + 5*q**2 - q - 3 - 4 + 0. List the prime factors of p(2).
2, 5
Let j be 3 + -1 + -1 + 3. Let t be (-2 - -1)*-1*1. Suppose -o + x + j = -t, 3*o + 4*x = 50. What are the prime factors of o?
2, 5
Let s(j) = -2*j + 2 + j**3 - 1 + 3 + 7*j**2. List the prime factors of s(-7).
2, 3
Let i be -1 + -1 + (-2 - -1). Let s(r) be the second derivative of -r**5/10 - r**4/3 + r**3/6 + 2*r**2 - r. What are the prime factors of s(i)?
19
Let t = -307 - -559. List the prime factors of t.
2, 3, 7
What are the prime factors of (-3*(-2)/(-12))/((-2)/124)?
31
Let t(p) = 2*p**3 + 5*p**2 + 3*p + 7. List the prime factors of t(5).
397
Suppose 104 = 4*f + 4. List the prime factors of f.
5
Suppose 4*s - 3*s = -4*p - 44, -2*p = 5*s + 40. Let r = -6 - p. Suppose 24 + 16 = r*c. List the prime factors of c.
2, 5
Suppose m = 4*m. Suppose 3 = -q - m. What are the prime factors of (-78)/(-10) + q/(-15)?
2
Suppose -l - 6 = -2*p, p + 2*p = 2*l + 8. Let m(z) = -9*z**l + 0*z**3 + 2*z**3 + 6*z - z**3 + 2*z**2 + 5. What are the prime factors of m(6)?
5
Suppose c - n = 0, 7 = -2*c + 4*n + 3. Suppose 0 = 2*q - 2*s - c, -4*q - 8 = 5*s - 3. Suppose -4 = -i - q. What are the prime factors of i?
2
Suppose 0 = 4*z + 2*b - 134, -3*z - 2*z + 167 = 3*b. What are the prime factors of z?
2, 17
Let a(r) = 4*r**2 - 2*r + 1. Let l(x) = 5*x**2 - 2*x + 1. Let m(s) = 4*a(s) - 3*l(s). List the prime factors of m(-3).
2
Suppose 2 = -i + 9. Let t(b) = b**2 - 5*b + 6. What are the prime factors of t(i)?
2, 5
Suppose 4*z + 561 = 15*z. What are the prime factors of z?
3, 17
Suppose -81 = 4*v - 9. What are the prime factors of -5*(v/10 - 2)?
19
Let n = -7 + 11. Let v = 12 - n. What are the prime factors of v?
2
Suppose -5*s + 4 = -4*s. Suppose s*w - 4 - 4 = 0. List the prime factors of w.
2
Suppose g = -3*g - s - 6, -2*g - s - 2 = 0. What are the prime factors of ((-92)/12)/(g/6)?
23
Let j = -30 + 6. List the prime factors of ((-42)/j)/(1/4).
7
Let m = 41 - 57. Let p = m - -22. What are the prime factors of p?
2, 3
Suppose 5*y = -q + 67, 3*y + y - 293 = -5*q. What are the prime factors of q?
3, 19
What are the prime factors of (-6)/(-1)*(-5)/(-2)?
3, 5
Let u(l) = 5*l - 11. What are the prime factors of u(8)?
29
Let m = -6 - -69. What are the prime factors of m?
3, 7
Let l = 52 + 122. What are the prime factors of l?
2, 3, 29
Suppose -4*q + 30 = q - 4*i, -5*q + 15 = -i. Suppose q + 18 = 2*v. List the prime factors of v.
2, 5
Let g(b) = -b**2 - 13*b - 3. Let j(y) = -y**2 + 2*y. Let f be j(-2). List the prime factors of g(f).
37
Let x(r) = 4*r - 8. Let v(s) = -2 + 2*s + 5 - s - 2*s. Let g(j) = 11*v(j) + 4*x(j). List the prime factors of g(3).
2
Let m(x) = 19*x + 52. What are the prime factors of m(8)?
2, 3, 17
Let v be 34/10 + (-2)/5. Suppose 3*t - 5*h = 1, 4*t - v*h - 13 = -8*h. List the prime factors of t.
2
Suppose -4*o + 416 = -p - 3*p, -2*o = -4*p - 216. What are the prime factors of o?
2, 5
Suppose d + 3*d = -g + 9, 0 = -d + 3*g - 1. Suppose 4*c - 41 = -d*y - c, 2*c + 59 = 5*y. Suppose 2*x = -2*b + 18, -y = 3*b - 1. What are the prime factors of x?
13
Let i = 3 - -2. Suppose i*u - 2*w - 3*w - 30 = 0, 5*u = 3*w + 30. What are the prime factors of 